 prime number?
True
Is 1956161 a prime number?
True
Is 39595 composite?
True
Is 11113 composite?
False
Is 71273 a prime number?
False
Is 1005071 a composite number?
False
Is 254141 prime?
True
Is 25423 prime?
True
Is 1571 prime?
True
Is 19567 composite?
True
Is 15971 a prime number?
True
Is 10643 a composite number?
True
Is 341423 composite?
False
Is 1259 a composite number?
False
Is 4477741 prime?
True
Is 48847 prime?
True
Is 220231 a prime number?
False
Is 39481 a prime number?
False
Is 1166519 a composite number?
True
Is 16579 composite?
True
Is 50177 composite?
False
Is 63827 a composite number?
True
Is 88937 composite?
False
Is 6749 a composite number?
True
Is 46807 prime?
True
Is 588503 composite?
False
Is 7753 a composite number?
False
Is 285979 prime?
True
Is 1961243 prime?
False
Is 1396877 composite?
False
Is 140587 a composite number?
False
Is 1201 prime?
True
Is 2461837 prime?
False
Is 3077 a composite number?
True
Is 33287 a prime number?
True
Is 133013 a prime number?
True
Is 959597 prime?
True
Is 151511 composite?
True
Is 138211 a composite number?
True
Is 331391 a prime number?
True
Is 54937 a prime number?
False
Is 17245 composite?
True
Is 30973 prime?
False
Is 405173 a composite number?
True
Is 33393 prime?
False
Is 2531 composite?
False
Is 22519 composite?
True
Is 233221 a composite number?
False
Is 2533 a composite number?
True
Is 3761 prime?
True
Is 399097 prime?
True
Is 83299 a prime number?
True
Is 44257 a prime number?
True
Is 740039 prime?
False
Is 2047627 a composite number?
False
Is 30307 a prime number?
True
Is 509897 prime?
False
Is 2811 a prime number?
False
Is 2879 prime?
True
Is 103809 prime?
False
Is 30449 a composite number?
False
Is 311653 composite?
False
Is 4481819 a composite number?
False
Is 88233 prime?
False
Is 14281 a composite number?
False
Is 520409 composite?
False
Is 377149 a composite number?
True
Is 18033 composite?
True
Is 817877 prime?
True
Is 35897 composite?
False
Is 80513 composite?
False
Is 2923 composite?
True
Is 13021 a prime number?
False
Is 30341 prime?
True
Is 50831 a composite number?
True
Is 40673 composite?
True
Is 378253 a prime number?
True
Is 172327 a prime number?
False
Is 67047 a composite number?
True
Is 57251 prime?
True
Is 6341 prime?
False
Is 230647 a prime number?
True
Is 25273 a prime number?
False
Is 19171 prime?
False
Is 137587 composite?
False
Is 450127 composite?
False
Is 10651 composite?
False
Is 2439821 prime?
False
Is 85331 composite?
False
Is 13667 a composite number?
True
Is 296159 a composite number?
False
Is 9691 a composite number?
True
Is 10589 a composite number?
False
Is 38891 a composite number?
False
Is 748694 a composite number?
True
Is 177581 prime?
False
Is 81391 prime?
False
Is 9269151 a composite number?
True
Is 255217 a prime number?
True
Is 61853 prime?
False
Is 97493 a composite number?
True
Is 78899 a composite number?
True
Is 17426 a composite number?
True
Is 855011 prime?
False
Is 44881 a prime number?
False
Is 1361 a prime number?
True
Is 821 prime?
True
Is 98243 a prime number?
False
Is 64867 prime?
False
Is 60209 composite?
False
Is 19999 composite?
True
Is 5383 prime?
False
Is 5879 a composite number?
False
Is 1279457 prime?
True
Is 1847 prime?
True
Is 2854207 a composite number?
False
Is 13543 composite?
True
Is 2413 a composite number?
True
Is 225689 a prime number?
True
Is 145767 composite?
True
Is 15161 a prime number?
True
Is 100591 prime?
True
Is 433802 a prime number?
False
Is 752107 a composite number?
False
Is 34057 prime?
True
Is 5731 a composite number?
True
Is 13589 composite?
True
Is 67103 a composite number?
False
Is 70157 a prime number?
True
Is 17521 a composite number?
True
Is 46219 a composite number?
False
Is 18201 a prime number?
False
Is 338449 a prime number?
True
Is 2808511 composite?
False
Is 37667 prime?
False
Is 4111553 prime?
True
Is 6383 a prime number?
False
Is 67993 composite?
False
Is 128287 composite?
False
Is 493417 a composite number?
True
Is 18773 prime?
True
Is 1985 a prime number?
False
Is 33547 a composite number?
False
Is 7243 prime?
True
Is 1531163 composite?
True
Is 25889 prime?
True
Is 4963 composite?
True
Is 111905 prime?
False
Is 242143 a prime number?
False
Is 1901 prime?
True
Is 57881 composite?
False
Is 20738 a prime number?
False
Is 10961 prime?
False
Is 85817 a prime number?
True
Is 410567 a prime number?
False
Is 15527 prime?
True
Is 66835 a composite number?
True
Is 122 a composite number?
True
Is 15223 a prime number?
False
Is 4843 a composite number?
True
Is 181859 prime?
False
Is 17002 a prime number?
False
Is 623 a composite number?
True
Is 20365 prime?
False
Is 73009 a composite number?
False
Is 31721 a prime number?
True
Is 67957 prime?
True
Is 1099987 prime?
False
Is 198802 composite?
True
Is 251701 a composite number?
False
Is 928223 a prime number?
True
Is 6385 a prime number?
False
Is 52313 prime?
True
Is 8501 composite?
False
Is 33047 a prime number?
False
Is 1693 a prime number?
True
Is 11987 prime?
True
Is 15899 composite?
True
Is 404803 composite?
True
Is 13613 composite?
False
Is 38783 a prime number?
True
Is 28979 prime?
True
Is 355478 a composite number?
True
Is 191227 prime?
True
Is 59497 prime?
True
Is 28761 a prime number?
False
Is 46427 a prime number?
False
Is 647011 composite?
False
Is 9511 a composite number?
False
Is 9029 composite?
False
Is 679 a composite number?
True
Is 6197 prime?
True
Is 149585 prime?
False
Is 22171 a prime number?
True
Is 22613 composite?
False
Is 189373 a composite number?
True
Is 165001 a composite number?
False
Is 26591 prime?
True
Is 101054 prime?
False
Is 69313 prime?
True
Is 105505 prime?
False
Is 527815 a prime number?
False
Is 5581 a prime number?
True
Is 30209 a prime number?
False
Is 34189 composite?
True
Is 191951 a prime number?
False
Is 7919 composite?
False
Is 1973 a composite number?
False
Is 1387 a composite number?
True
Is 662 a composite number?
True
Is 206447 a composite number?
False
Is 64861 a prime number?
False
Is 421237 a composite number?
True
Is 5627 composite?
True
Is 1077467 prime?
False
Is 799 prime?
False
Is 2949 a composite number?
True
Is 563 a prime number?
True
Is 326251 prime?
True
Is 13291 a prime number?
True
Is 1027097 a prime number?
True
Is 221971 prime?
False
Is 94673 a composite number?
True
Is 491313 a prime number?
False
Is 8689 composite?
False
Is 16489 a prime number?
False
Is 771 a prime number?
False
Is 501833 prime?
False
Is 512419 a prime number?
True
Is 14347 a composite number?
False
Is 6599 composite?
False
Is 806731 a prime number?
False
Is 45001 a composite number?
True
Is 35011 a composite number?
True
Is 1707802 composite?
True
Is 13523 a composite number?
False
Is 41941 prime?
True
Is 240469 a composite number?
True
Is 9395 a prime number?
False
Is 12989 composite?
True
Is 150701 a prime number?
False
Is 235439 a prime number?
True
Is 34231 prime?
True
Is 35647 prime?
False
Is 243911 a composite number?
False
Is 399979 a composite number?
False
Is 321085 prime?
False
Is 30473 a composite number?
True
Is 104459 a prime number?
True
Is 10891 composite?
False
Is 54037 prime?
True
Is 118603 composite?
False
Is 13315 prime?
False
Is 96323 a composite number?
False
Is 1837 composite?
True
Is 585461 prime?
True
Is 11699 composite?
False
Is 2413 composite?
True
Is 319621 prime?
False
Is 70051 composite?
False
Is 8147 a prime number?
True
Is 3589 a prime number?
False
Is 77711 prime?
True
Is 282559 a prime number?
True
Is 12839 prime?
False
Is 11597 composite?
False
Is 188459 a prime number?
True
Is 42043 composite?
False
Is 154409 composite?
False
Is 5207 a prime number?
False
Is 389 a composite number?
False
Is 254 a prime number?
False
Is 399131 composite?
False
Is 92507 prime?
True
Is 46021 a composite number?
False
Is 1010323 a prime number?
False
Is 17221 a composite number?
True
Is 925721 composite?
False
Is 1769 a prime number?
False
Is 13957 prime?
False
Is 92471 a prime number?
False
Is 50441 a prime number?
True
Is 167557 composite?
True
Is 615721 a prime number?
True
Is 24065 prime?
False
Is 23887 prime?
True
Is 6001 composite?
True
Is 2171971 a composite number?
True
Is 84395 a composite number?
True
Is 78557 prime?
False
Is 264379 a prime number?
False
Is 6271 prime?
True
Is 11